 3*n, 5*p = -3*n - 27. Give q(p).
2
Suppose 9*z - 13 = -4*z. Let h(v) = -v**3 + 2*v**2 - 2*v + 1. Give h(z).
0
Let l(g) be the third derivative of g**5/15 - g**4/12 - g**3/6 - 5*g**2. Suppose -16*d + 5*d = 11. Calculate l(d).
5
Let c(k) = k - 1. Let j be 6 - 4/(-8)*-4. Let o(f) = -2*f + f + j*f - 2*f. Let l be o(-1). Calculate c(l).
-2
Let m(v) = 6*v**2 + 2*v + 1. Let s be m(-1). Suppose 39 = -s*u + 9. Let d(k) = 2*k - 266*k**3 - 6*k**2 + 3*k + 134*k**3 - 7 + 131*k**3 - 6*k. Calculate d(u).
-1
Let t(n) be the third derivative of n**9/60480 - n**8/4032 - n**7/5040 + n**6/240 - n**5/2 + 15*n**2. Let c(a) be the third derivative of t(a). Determine c(5).
-2
Let b be (-2618)/(-242) - 4/(-22). Let t(n) = -3*n + b*n - 7*n. Calculate t(5).
5
Let k(u) = u**3 - 16*u**2 + 27*u + 2. Let f be k(14). Let m(x) = x**3 + 12*x**2 + 3*x. Give m(f).
-36
Let i = -1 - -8. Let h(r) = -8*r**2 + 8 - 18 - 2*r + i + 3*r**2. Determine h(-2).
-19
Let o(h) = -3*h - 10 + 6 - 8 + 5 + h. Calculate o(0).
-7
Let d(t) = 6*t**2 - 10*t - 3. Let i be 5/(-6 + 1) + 7. Let k(f) = 7*f**2 - 11*f - 4. Let u(z) = i*d(z) - 5*k(z). Determine u(3).
-4
Suppose 4*n + 9 = 3*n. Let c(y) = 0*y + 3*y - 5*y - 10 - 3*y + 3*y. Calculate c(n).
8
Let y(q) = -q**2 - 5*q + 1. Let g be y(5). Let z = 51 + g. Let u(h) = -2*h. What is u(z)?
-4
Let l(c) be the first derivative of c**5/20 + c**4/3 + c**3/2 - 2*c**2 + 10*c - 9. Let d(i) be the first derivative of l(i). Calculate d(-3).
-4
Let w(i) be the second derivative of i**3/6 - 3*i**2/2 - 8*i. Let f(h) = -h**2 + 6*h + 5. Let u be f(8). Let k = u + 6. Calculate w(k).
-8
Suppose -8*b - 16 = -6*b. Let c be b/(-3)*39/26. Let z(v) = -3*v + 3. Determine z(c).
-9
Let a(m) = m**2 + m + 4. Let b(l) = -4*l**2 - 4*l - 11. Let x be 3/2 - (-75)/6. Let q = x + -12. Let u(s) = q*b(s) + 7*a(s). What is u(0)?
6
Let n(a) = -16518*a - 1 + a**2 + 2 - 2*a**2 + 16520*a. Let k be 6*4/(-16)*2. Calculate n(k).
-14
Let v(q) be the third derivative of -q**5/60 + 5*q**4/24 + 5*q**3/6 + 47*q**2. Calculate v(5).
5
Let f(q) = q**3 - 5*q**2 - 8*q + 5. Suppose 140 = 49*h - 154. Determine f(h).
-7
Let a(f) = 20*f**3 - 2*f**2 - 27*f - 4. Let w(q) = q - 29. Let o be w(12). Let r(c) = -7*c**3 + c**2 + 9*c + 1. Let l(h) = o*r(h) - 6*a(h). Give l(-6).
-11
Suppose -3*b + 18*b + 105 = 0. Let i(h) = h**2 + 3*h - 32. Calculate i(b).
-4
Let f(q) = -q**3 + 6*q**2 - q - 2. Suppose -24*a = 12*a - 180. Give f(a).
18
Suppose -4*g + 177 = 3*c, 2*g = -5*c - g + 295. Suppose 0 = -12*b - 1 - c. Let s(h) = 2*h - 2 - h + 9. Give s(b).
2
Let r(m) = m**2 + 7*m + 16. Let n be (-186)/33 + 108/(-297). Calculate r(n).
10
Let h(c) = -c**3 + 4*c**2 + 4*c + 3. Let a be h(5). Let k(d) be the second derivative of -d**4/6 - d**3/2 + 9*d. Determine k(a).
-2
Suppose 4*q - 5*u + 24 = 0, 5*q - q - 4*u = -24. Let m(a) = -a**2 - 8*a - 14. Give m(q).
-2
Let i(c) = 16*c**3 - 43*c**2 + 4*c + 22. Let q(w) = -5*w**3 + 14*w**2 - w - 7. Let k(l) = 6*i(l) + 19*q(l). Determine k(-5).
49
Let z(d) = -d + 4. Let n = -8 + 31. Suppose 7 = 6*h - n. Give z(h).
-1
Let g(j) be the first derivative of j**3 + 2*j**2 + 4*j + 23 + 1/4*j**4. Give g(-3).
-8
Let p(n) = n + 12. Let m be 2162/(-235) + 2/10. Calculate p(m).
3
Let w(x) be the first derivative of 1/2*x**2 - 4/3*x**3 - 11 + 1/4*x**4 + 0*x. Calculate w(4).
4
Let m(b) = 13*b**2 + 26*b - 8. Let g(x) = -5*x**2 - 10*x + 3. Let q(h) = -8*g(h) - 3*m(h). Let o be 2/(-5) + 14/10. Let z be (2/4)/(o/(-6)). Give q(z).
3
Let m(r) = -9*r. Let n(o) = 21*o. Let c(f) = -13*m(f) - 6*n(f). Let h(a) be the first derivative of a**2/2 - 1. Let b(x) = -c(x) + 4*h(x). Calculate b(-1).
-13
Let a(t) = 6*t - 1. Suppose 4*h = -21*h + 100. Give a(h).
23
Let s(q) = 2*q + 2 - 13 - q + q**2 + q**3. Let l = -72 - -70. Let d be (1*(1 - l - 3))/(-1). Give s(d).
-11
Suppose -3*m = 6 - 18. Let w(y) = -3*y - 6. Let t(l) = 4*l + 6. Let g(f) = m*t(f) + 5*w(f). Let h = 32 + -26. What is g(h)?
0
Let x(j) = j - 4. Let a(d) = -d**3 + 3*d**2 - 2*d + 9. Let n(m) = m**3 - 4*m**2 + 2*m - 9. Let h(y) = 3*a(y) + 4*n(y). Let l = 4 + 3. Let o be h(l). Give x(o).
1
Let f(m) = 5*m**2 + 17*m - 14. Let z be (12/14)/(1/7). Let c(n) = 11*n**2 + 35*n - 29. Let l(y) = z*c(y) - 13*f(y). Give l(6).
-22
Let l(b) = b - 4. Let n(u) = -u**3 - 12*u**2 - 11*u + 8. Let o be n(-11). Suppose o - 14 = 2*z. What is l(z)?
-7
Let s be 4/14 - (-25)/35. Let t(y) = y**2 + y - 5. Let u(m) = m. Let i(q) = s*t(q) + 4*u(q). Suppose -p = -0 + 4. Give i(p).
-9
Let l = -61 + 60. Let o(c) = -6. Let s(j) = -j. Let z(n) = l*s(n) - o(n). Suppose -w + 3*v = -6, 2*v - 1 = -9. Give z(w).
0
Let k(u) = -5*u**3 - 8*u**2 + 5*u - 14. Let f(d) = -2*d**3 - 3*d**2 + 2*d - 5. Let j(l) = 8*f(l) - 3*k(l). Determine j(-1).
2
Let l(o) = -o**2 + 12*o + 11. Let h(f) = f**2 - 13*f - 11. Let c(r) = 5*h(r) + 4*l(r). Determine c(18).
7
Let j(l) = 31*l + 796. Let h be j(-26). Let w(y) = -5*y - 15. What is w(h)?
35
Suppose 6*r + 165 = 183. Let v(f) be the third derivative of f**5/60 - f**4/8 - f**3/3 + 3*f**2. Give v(r).
-2
Let t(k) = 59*k**2 - 4*k - 60*k**2 + k. Determine t(3).
-18
Let f(x) = -2 + x + 648*x**3 - 324*x**3 - 323*x**3 + 5*x**2. Determine f(-5).
-7
Let l(x) = -19*x + 60. Let d be l(3). Let t(o) = 2*o + 5. What is t(d)?
11
Suppose -4*c = -44 + 16. Let i be 1/3 - (-2)/3 - c. Let p(j) be the third derivative of j**6/120 + j**5/10 - 5*j**3/6 + j**2. Give p(i).
-5
Let d(w) = -2*w + 1. Let v(r) = -r**2 - r + 1. Let j(n) = -d(n) + v(n). Suppose 0 = 4*c + 1 + 7. What is j(c)?
-6
Suppose 11*x + 24 = -42. Let v(p) = -p**2 - 4*p - 6. Give v(x).
-18
Suppose -5*k = -0*k + 5*g - 5, -g = -5*k + 5. Let w(j) = 7*j**2 - 2*j. Determine w(k).
5
Suppose 0 = -9*i - 31 + 139. Let b(v) = -v**3 + 11*v**2 + 13*v - 13. Give b(i).
-1
Let f(u) = 205*u**2 - 3*u - 1. Let p be f(-1). Let v be ((-4)/3)/((-46)/p). Let q(k) = k**3 - 6*k**2 + k - 1. What is q(v)?
5
Let d(z) = -z + 10. Let y be ((-161)/(-92))/(2/(-8)). Give d(y).
17
Let d(n) = 2 + n + 5*n - 4*n. Suppose -c + 29 = 6. Let f = 26 - c. What is d(f)?
8
Let w(u) = -u**3 - 1 - u**2 - 43214*u + 4*u**2 + 43217*u. Suppose 3*v + 80 = 2. Let d be 4/14 + v/(-7). Determine w(d).
-5
Suppose 30 = 11*o - 465. Let z be (-1)/(-3) + 20/o*-3. Let a(n) = 5*n**2 + 3*n + 0*n - 2*n. Give a(z).
4
Let k = 241 + -238. Let t(c) = c**2 + 2. Determine t(k).
11
Let l(h) = 413 - 413 + h - 3*h. Suppose 0 = -2*m - 0 + 4. Let o be l(m). Let a(f) = -f**2 - 4*f - 3. What is a(o)?
-3
Let q = -166 - -165. Suppose -25 = -7*w + 2*w. Let c(j) = -2*j - w - 3*j + 6. Determine c(q).
6
Suppose 4*v + 4 = -4*k, 3*v + 4 = -3*k - v. Suppose -10 = -2*t - 4. Let p(z) = t + z + k*z + z. What is p(4)?
11
Let f be (2/(-1) - -12)/2. Let g(w) = 39*w**2 + 5*w - 48*w**2 + 13*w**2 - w**3 + 7. Calculate g(f).
7
Let h(u) be the third derivative of 1/24*u**4 + 0 - 1/3*u**3 - 4*u**2 + 0*u. Suppose -d - 3*m = 0, 0*m + 7 = -d + 4*m. Calculate h(d).
-5
Let x(w) be the first derivative of -w**3/3 + w**2/2 + 3*w + 37. Let o(t) = -t**2 - 8*t + 4. Let l be o(-8). Give x(l).
-9
Let u be (-58)/12 - (4 + -12 + 3). Let v(o) be the second derivative of -3*o**2 - u*o**3 - 1/12*o**4 + 0 - 3*o + 1/20*o**5. What is v(0)?
-6
Let w(y) = y + 3. Let g(x) = 2*x - 37. Let i be g(17). Calculate w(i).
0
Suppose -18*l = -15*l - 45. Let s(j) = l*j - 3*j - 9*j + 2 - j**2. Calculate s(3).
2
Let f(m) = 1. Let y(l) = l**3 + 3*l**2 + 3*l - 5. Let o = -70 + 64. Let v(i) = o*f(i) - y(i). Determine v(-3).
8
Suppose 2*a + 4*k - 5*k - 49 = 0, 2*a = -2*k + 46. Let r(n) = -a*n**2 - 22*n**2 + 56*n**2 - n. Calculate r(1).
9
Let v(k) be the second derivative of k**4/12 - k**3/2 - 2*k**2 - 3*k - 5. Determine v(-3).
14
Let j be -4 - (2 + 10 - 6). Let a(y) = -y**3 - 9*y**2 + 11*y + 14. Determine a(j).
4
Let y(l) = -83*l**2 + 6 - 78*l**2 + 162*l**2 + 7*l. What is y(-8)?
14
Let k(m) be the first derivative of -m**6/360 - m**5/40 + m**4/6 - 5*m**3/3 - 2. Let p(v) be the third derivative of k(v). Determine p(-5).
-6
Let j(s) be the third derivative of 5*s**4/24 + s**3 - 2*s**2. Suppose 3074*c = 3084*c + 40. What is j(c)?
-14
Let n = -9181 - -9175. Let v(w) = 13*w + 7. Let x(s) = 3*s + 2. Let o(k) = -2*v(k) + 9*x(k). Give o(n).
-2
Let m(g) = -g**3 - 2*g**2 - 2*g - 1. Let y be ((-1)/1)/((-26)/182). Suppose 0 = -8*v - y - 9. Calculate m(v).
3
Let i = 6 + -42. Let d 